ctors of 351511077.
3, 19, 31, 331, 601
What are the prime factors of 1328631492?
2, 3, 110719291
What are the prime factors of 3316451855?
5, 7867, 84313
List the prime factors of 673232371.
7, 47, 2046299
List the prime factors of 29476977.
3, 9825659
What are the prime factors of 1814771108?
2, 3371, 134587
What are the prime factors of 99616293?
3, 7, 1581211
What are the prime factors of 57988479?
3, 17, 1137029
What are the prime factors of 2063017634?
2, 1031508817
List the prime factors of 443775775.
5, 2141, 8291
What are the prime factors of 2690090?
2, 5, 13, 20693
List the prime factors of 63572176.
2, 19, 29, 7211
What are the prime factors of 2418945849?
3, 4723, 6323
What are the prime factors of 844162901?
137, 1913, 3221
What are the prime factors of 540725417?
101, 5353717
What are the prime factors of 90854055?
3, 5, 37, 43, 47
What are the prime factors of 521087287?
7, 23, 43, 75269
List the prime factors of 6088537.
7, 13, 23, 2909
List the prime factors of 277862945.
5, 41, 1355429
What are the prime factors of 34068256?
2, 31, 61, 563
List the prime factors of 256438120.
2, 5, 37, 163, 1063
What are the prime factors of 248601611?
127, 593, 3301
List the prime factors of 231562795.
5, 2269, 20411
What are the prime factors of 1981098684?
2, 3, 4363, 12613
What are the prime factors of 2316976589?
439, 5277851
What are the prime factors of 103412949?
3, 34470983
What are the prime factors of 143740661?
17, 67, 126199
What are the prime factors of 335699069?
3677, 91297
List the prime factors of 683570274.
2, 3, 31, 233, 15773
List the prime factors of 1209067379.
13, 93005183
List the prime factors of 2256060132.
2, 3, 7481, 8377
What are the prime factors of 4438721?
7, 634103
List the prime factors of 195953323.
195953323
What are the prime factors of 2608313653?
11, 237119423
What are the prime factors of 3818032917?
3, 157, 1069, 7583
List the prime factors of 572949452.
2, 143237363
List the prime factors of 159595674.
2, 3, 7, 3799897
What are the prime factors of 183975869?
7, 11, 2389297
What are the prime factors of 879339093?
3, 17, 73, 251, 941
List the prime factors of 115616880.
2, 3, 5, 160579
List the prime factors of 3958753290.
2, 3, 5, 43, 67, 163, 281
List the prime factors of 2105331198.
2, 3, 79, 4441627
What are the prime factors of 8058514564?
2, 383, 5260127
List the prime factors of 49708450.
2, 5, 11, 90379
List the prime factors of 135265508.
2, 7, 71, 68041
List the prime factors of 37418122.
2, 7, 17, 157219
What are the prime factors of 242293624?
2, 19, 1594037
List the prime factors of 59053537.
59053537
List the prime factors of 1981906508.
2, 31, 599, 26683
What are the prime factors of 286722204?
2, 3, 17, 61, 23041
List the prime factors of 520639009.
11, 251, 269, 701
What are the prime factors of 15142305?
3, 5, 1009487
What are the prime factors of 237894604?
2, 929, 64019
List the prime factors of 2565573864.
2, 3, 7, 15271273
What are the prime factors of 3942220225?
5, 19, 8299411
What are the prime factors of 19841779?
19841779
List the prime factors of 168316026.
2, 3, 59, 475469
List the prime factors of 92658351.
3, 1201, 25717
List the prime factors of 3855478900.
2, 5, 7, 13, 43, 59, 167
What are the prime factors of 973090231?
973090231
List the prime factors of 4559231983.
4559231983
What are the prime factors of 18050526?
2, 3, 13, 2857
What are the prime factors of 1645678359?
3, 13, 23, 611549
What are the prime factors of 608894115?
3, 5, 40592941
List the prime factors of 1832447342.
2, 11, 83293061
What are the prime factors of 5261682003?
3, 1753894001
List the prime factors of 964658100.
2, 3, 5, 7, 137, 479
What are the prime factors of 20989191?
3, 59, 118583
List the prime factors of 955515651.
3, 17, 61, 101, 3041
List the prime factors of 4269388260.
2, 3, 5, 4513, 15767
List the prime factors of 262272337.
79, 467, 7109
What are the prime factors of 1164832114?
2, 47, 12391831
List the prime factors of 11096675.
5, 443867
List the prime factors of 9847934.
2, 4923967
List the prime factors of 41173822.
2, 37, 556403
What are the prime factors of 84163923?
3, 17, 23, 23917
What are the prime factors of 187051606?
2, 7, 571, 23399
List the prime factors of 85842973.
887, 96779
What are the prime factors of 285127037?
13, 79, 313, 887
What are the prime factors of 139315348?
2, 71, 227, 2161
List the prime factors of 50305950.
2, 3, 5, 111791
What are the prime factors of 200325787?
1999, 100213
List the prime factors of 545728804.
2, 136432201
List the prime factors of 66922887.
3, 3329, 6701
List the prime factors of 920043958.
2, 263, 1749133
List the prime factors of 2026189140.
2, 3, 5, 23, 31, 47363
What are the prime factors of 322168747?
322168747
What are the prime factors of 693448974?
2, 3, 3191, 12073
What are the prime factors of 84452400?
2, 3, 5, 23459
What are the prime factors of 1541045589?
3, 157, 1373, 2383
List the prime factors of 1284068826.
2, 3, 1427, 49991
What are the prime factors of 153490040?
2, 5, 11, 23, 29, 523
What are the prime factors of 162438504?
2, 3, 6768271
What are the prime factors of 74172604?
2, 11, 29, 58129
What are the prime factors of 1502097328?
2, 43, 2183281
What are the prime factors of 7930137449?
13, 610010573
What are the prime factors of 141020003?
1129, 124907
List the prime factors of 138572980.
2, 5, 7, 13, 73, 149
List the prime factors of 105153785.
5, 11, 1911887
What are the prime factors of 45828725?
5, 71, 25819
What are the prime factors of 421169058?
2, 3, 53, 83, 197
What are the prime factors of 2397075549?
3, 11, 19, 43, 67, 1327
List the prime factors of 1528407629.
7, 239, 913573
What are the prime factors of 3729047989?
6397, 582937
List the prime factors of 178948079.
178948079
List the prime factors of 2450111346.
2, 3, 136117297
What are the prime factors of 888136397?
29, 467, 65579
List the prime factors of 176674494.
2, 3, 41, 79, 9091
List the prime factors of 531943927.
43, 12370789
List the prime factors of 31597412.
2, 7, 11, 173, 593
What are the prime factors of 18635376?
2, 3, 388237
List the prime factors of 79278898.
2, 547, 72467
What are the prime factors of 148947010?
2, 5, 73, 211, 967
What are the prime factors of 18363868?
2, 59, 77813
List the prime factors of 312346850.
2, 5, 449, 13913
What are the prime factors of 4492529?
4492529
List the prime factors of 374632157.
374632157
What are the prime factors of 246463075?
5, 9858523
What are the prime factors of 265754532?
2, 3, 4691, 4721
List the prime factors of 87712864.
2, 179, 15313
What are the prime factors of 225727332?
2, 3, 79, 238109
What are the prime factors of 3972115091?
7, 19, 1907, 15661
List the prime factors of 287938906.
2, 143969453
List the prime factors of 365576759.
365576759
What are the prime factors of 682532046?
2, 3, 7, 787, 6883
List the prime factors of 174204658.
2, 37, 601, 3917
What are the prime factors of 3447961911?
3, 751, 56681
What are the prime factors of 723008400?
2, 3, 5, 283, 2129
List the prime factors of 32209993.
47, 685319
What are the prime factors of 76600315?
5, 11, 1392733
What are the prime factors of 7625318?
2, 29, 31, 4241
List the prime factors of 319667491.
11, 13, 2235437
What are the prime factors of 6649900254?
2, 3, 23, 167, 10687
What are the prime factors of 2436420428?
2, 13, 67, 263, 2659
List the prime factors of 961621021.
961621021
What are the prime factors of 2031082798?
2, 1015541399
What are the prime factors of 355489288?
2, 7, 11, 23, 2281
List the prime factors of 708460225.
5, 11, 2576219
What are the prime factors of 27016468?
2, 17, 397301
List the prime factors of 108922724.
2, 29, 938989
List the prime factors of 82425033.
3, 467, 2179
List the prime factors of 25072593.
3, 7, 13, 91841
List the prime factors of 1534603948.
2, 263, 1458749
List the prime factors of 3055918992.
2, 3, 7, 31, 73, 4019
What are the prime factors of 47894858?
2, 11, 19, 149, 769
List the prime factors of 490526476.
2, 11, 149, 74821
List the prime factors of 4263162344.
2, 7, 131, 701, 829
What are the prime factors of 2372460609?
3, 37, 101, 211619
What are the prime factors of 2827895770?
2, 5, 7, 17, 23, 277, 373
What are the prime factors of 10954790